hat is the remainder when 73370 is divided by 9147?
194
What is the remainder when 351 is divided by 168?
15
What is the remainder when 58021901 is divided by 810?
791
What is the remainder when 26227330 is divided by 794767?
19
What is the remainder when 11080 is divided by 818?
446
Calculate the remainder when 6731826 is divided by 4019.
1
What is the remainder when 1844896 is divided by 63616?
32
What is the remainder when 22362682 is divided by 2416?
186
What is the remainder when 4419530 is divided by 950?
130
What is the remainder when 198763645 is divided by 21?
10
What is the remainder when 105361591 is divided by 94?
93
Calculate the remainder when 1270146 is divided by 10411.
4
What is the remainder when 1212428 is divided by 172?
0
Calculate the remainder when 268977 is divided by 38390.
247
Calculate the remainder when 211785 is divided by 750.
285
Calculate the remainder when 2427154 is divided by 15968.
18
What is the remainder when 542477 is divided by 268132?
6213
What is the remainder when 490932 is divided by 465?
357
Calculate the remainder when 54104 is divided by 2677.
564
Calculate the remainder when 37189 is divided by 3069.
361
Calculate the remainder when 725410 is divided by 2386.
66
What is the remainder when 543133 is divided by 188?
1
What is the remainder when 360663 is divided by 120?
63
What is the remainder when 1976 is divided by 1739?
237
Calculate the remainder when 648764 is divided by 81092.
28
What is the remainder when 804894 is divided by 11?
2
Calculate the remainder when 92106469 is divided by 1281.
7
What is the remainder when 730033 is divided by 4534?
59
What is the remainder when 5161561 is divided by 145?
141
Calculate the remainder when 962410 is divided by 9432.
346
Calculate the remainder when 3223671 is divided by 3566.
7
Calculate the remainder when 14671 is divided by 4876.
43
Calculate the remainder when 113136 is divided by 18557.
1794
Calculate the remainder when 59142 is divided by 28100.
2942
Calculate the remainder when 1441608549 is divided by 7272.
7269
What is the remainder when 1124781 is divided by 227?
223
What is the remainder when 45721 is divided by 1143?
1
Calculate the remainder when 794380 is divided by 7355.
40
Calculate the remainder when 1991371 is divided by 165947.
7
What is the remainder when 57631 is divided by 185?
96
What is the remainder when 477916 is divided by 477044?
872
Calculate the remainder when 106692 is divided by 34671.
2679
Calculate the remainder when 20243214 is divided by 400.
14
What is the remainder when 1373015 is divided by 207?
191
Calculate the remainder when 16703 is divided by 8136.
431
What is the remainder when 6828555 is divided by 2276000?
555
Calculate the remainder when 19762629 is divided by 49.
47
What is the remainder when 16657 is divided by 2014?
545
What is the remainder when 234505 is divided by 23448?
25
What is the remainder when 370817 is divided by 11582?
193
What is the remainder when 387953994 is divided by 55?
54
Calculate the remainder when 125510 is divided by 31329.
194
Calculate the remainder when 791175942 is divided by 212.
210
What is the remainder when 373212 is divided by 7611?
273
Calculate the remainder when 89148 is divided by 5033.
3587
Calculate the remainder when 2781038 is divided by 1985.
53
What is the remainder when 307058 is divided by 153416?
226
What is the remainder when 8529231 is divided by 6496?
6479
What is the remainder when 508049565 is divided by 169349846?
27
Calculate the remainder when 236854 is divided by 2520.
2494
Calculate the remainder when 6391337 is divided by 1597831.
13
What is the remainder when 337122 is divided by 28?
2
Calculate the remainder when 106118 is divided by 4827.
4751
Calculate the remainder when 319872 is divided by 9692.
36
Calculate the remainder when 445994 is divided by 148599.
197
Calculate the remainder when 35712 is divided by 35248.
464
What is the remainder when 170749 is divided by 28450?
49
What is the remainder when 77953153 is divided by 493?
486
Calculate the remainder when 1498962 is divided by 43.
25
Calculate the remainder when 16900860 is divided by 295.
15
Calculate the remainder when 306052 is divided by 290.
102
What is the remainder when 109542573 is divided by 427?
420
What is the remainder when 740053 is divided by 82201?
244
What is the remainder when 36618 is divided by 923?
621
Calculate the remainder when 1784191 is divided by 892087.
17
What is the remainder when 7507304 is divided by 598?
12
What is the remainder when 1237686 is divided by 4931?
5
Calculate the remainder when 213864 is divided by 53464.
8
Calculate the remainder when 62106 is divided by 6762.
1248
Calculate the remainder when 2359413 is divided by 1179686.
41
Calculate the remainder when 6341 is divided by 5026.
1315
What is the remainder when 6558537 is divided by 936930?
27
Calculate the remainder when 241956 is divided by 40324.
12
Calculate the remainder when 75712 is divided by 3151.
88
What is the remainder when 1480046 is divided by 921?
920
What is the remainder when 31240231 is divided by 6432?
7
What is the remainder when 3434034 is divided by 145?
144
Calculate the remainder when 47156742 is divided by 548334.
18
Calculate the remainder when 12679451 is divided by 25.
1
What is the remainder when 99709775 is divided by 28?
11
Calculate the remainder when 949155 is divided by 118500.
1155
What is the remainder when 48430409 is divided by 851?
850
What is the remainder when 232650 is divided by 11632?
10
What is the remainder when 203283 is divided by 3773?
3314
Calculate the remainder when 899724 is divided by 2063.
256
Calculate the remainder when 19042 is divided by 2324.
450
Calculate the remainder when 1356762 is divided by 284.
94
What is the remainder when 8101658 is divided by 36168?
26
What is the remainder when 822295 is divided by 438?
169
What is the remainder when 724706 is divided by 362225?
256
Calculate the remainder when 10537308 is divided by 3342.
3324
What is the remainder when 508335 is divided by 514?
503
Calculate the remainder when 578883447 is divided by 143.
142
What is the remainder when 243781 is divided by 242959?
822
Calculate the remainder when 120500 is divided by 410.
370
What is the remainder when 9525175 is divided by 53512?
39
What is the remainder when 21454694 is divided by 4733?
5
What is the remainder when 1345910 is divided by 149531?
131
Calculate the remainder when 572276 is divided by 22010.
16
What is the remainder when 18059 is divided by 3051?
2804
What is the remainder when 15554822 is divided by 1555481?
12
Calculate the remainder when 27853 is divided by 3469.
101
What is the remainder when 21883159 is divided by 75?
34
Calculate the remainder when 8903379 is divided by 28.
23
What is the remainder when 345195 is divided by 8070?
6255
Calculate the remainder when 419072 is divided by 6868.
124
Calculate the remainder when 222620 is divided by 5296.
188
What is the remainder when 11710567 is divided by 101831?
2
Calculate the remainder when 4131395 is divided by 190.
35
Calculate the remainder when 11789 is divided by 11519.
270
Calculate the remainder when 2277398 is divided by 44.
2
What is the remainder when 866581 is divided by 4012?
4001
Calculate the remainder when 649657 is divided by 7661.
6133
Calculate the remainder when 105433242 is divided by 3012378.
12
Calculate the remainder when 87705161 is divided by 23.
20
What is the remainder when 1226361 is divided by 139?
103
What is the remainder when 97463 is divided by 11680?
4023
Calculate the remainder when 635632 is divided by 630.
592
Calculate the remainder when 55614562 is divided by 662078.
10
What is the remainder when 9413243 is divided by 940?
83
What is the remainder when 42878 is divided by 523?
515
What is the remainder when 175645 is divided by 15914?
591
What is the remainder when 31454 is divided by 8825?
4979
Calculate the remainder when 3171002 is divided by 99093.
26
Calculate the remainder when 47513131 is divided by 2989.
2976
Calculate the remainder when 5443230 is divided by 35.
30
What is the remainder when 803691 is divided by 57396?
147
What is the remainder when 44695 is divided by 6381?
28
Calculate the remainder when 10